 Let o be f(-6). Let w = o + 11. Give c(w).
13
Suppose 3*i = -5*g + 20, -2*i - g + 55 = -6*g. Let s(z) = -z**3 + 17*z**2 - 29*z - 19. Let o be s(i). Let q(k) = -k**3 - 3*k**2 + 3*k + 1. What is q(o)?
5
Let v be 2120/1007 - 2/76*4. Let g(m) = -7*m**3 + 2*m**2 - 2*m + 2. Calculate g(v).
-50
Suppose -3*n + 0 = -9. Let s(q) = -q**2 - 7*q + 2. Let i be s(-7). Let h(y) = 1 + 4 - 2 - i*y. Calculate h(n).
-3
Let v be 2*42/(-36) - 6/9. Suppose 3*c - 13 = -1. Let r(u) = -4*u + 3 - c - u**2 + 2*u. What is r(v)?
-4
Let n(j) = 2*j**2 + 36*j + 8. Let t be n(-18). Let c(b) = -b - 10. What is c(t)?
-18
Let r = 10 - 6. Let i(u) = -u**2 - 9. Let x(a) = 2. Let l(s) = i(s) + 6*x(s). Give l(r).
-13
Let a(d) = d**3 - 8 - 3*d - 2*d + 5*d**2 + 1. Suppose 6*q - 5*k = 7*q + 26, 3*q = -5*k - 38. What is a(q)?
-13
Let w = -15 + 17. Suppose 15 = -r - w*r. Let i(n) = n**2 + 6*n + 3. Give i(r).
-2
Let n(j) be the first derivative of j**3/3 + 7*j**2/2 + 12*j + 33. Let c(m) be the first derivative of n(m). Suppose -3*h - 22 + 7 = 0. Determine c(h).
-3
Suppose -12*n - 25*n + 148 = 0. Let u(a) be the third derivative of 1/60*a**5 + 6*a**2 + 0*a + 0 + 5/24*a**n - 1/2*a**3. What is u(-7)?
11
Let q(b) = 3*b**3 - 2*b + 1. Suppose 16 = 4*j - 4, 0 = 5*l - 2*j + 5. Determine q(l).
2
Let p(y) = -3*y**3 + 8*y**2 - 4. Let k(g) = -15*g**3 + 42*g**2 - 21. Let d(z) = 4*k(z) - 21*p(z). Suppose 0 = -0*l + 3*l - 3. Calculate d(l).
3
Let x(k) = -3*k + 1. Let l be x(0). Let w(t) be the first derivative of 2*t**2 + t - 1. Calculate w(l).
5
Suppose -522*c + 526*c - 3*k - 50 = 0, c - 2*k = 15. Let b(a) = a - 7. Give b(c).
4
Let c(a) = -36*a**2 + 17*a + 10*a**3 - 24 + 20*a**2 - 9*a**3. Give c(15).
6
Let g(v) = -6*v**2 - 1. Suppose 6 = -7*c - 1. What is g(c)?
-7
Suppose -d + 4*r = 18, d - 23*r + 21*r = -12. Let a(n) be the second derivative of n**3/6 + 5*n**2/2 - 2*n. Give a(d).
-1
Let y be (-84)/14*(-6)/9. Let n(r) = -2*r**2 + 4*r - 3. Give n(y).
-19
Let i(j) be the first derivative of j**2/2 - 2*j + 2. Suppose 719*f - 711*f = 16. Give i(f).
0
Let y(a) = 6*a - 14 + 0*a**2 + a + a**2 + 2. Suppose -23*b + 8*b = 135. What is y(b)?
6
Suppose -a - 6 = -5*s, 4*s - 3*a - 4 = -2*a. Suppose 2*w - 19 = -3*n, -w = -2*n + 4*w. Let h(o) = -2*o + 3*o**s + 0 - n*o**2 + o**2 + 3. What is h(-3)?
0
Let j(w) = 1 + 74*w - 154*w - 4 - 1 + 77*w. Let v(d) = d**2 + 5*d + 2. Let p be v(-4). Let k(y) = y**3 + 2*y**2 + y - 1. Let u be k(p). Calculate j(u).
5
Let w = -10 + 10. Suppose w = -18*f + 17*f + 6. Suppose 2*b - f + 4 = 0. Let o(s) = 7*s**3 - s**2 - s + 1. What is o(b)?
6
Suppose -36*x - 334 = -82. Let m(v) = -v**2 - 11*v - 24. Determine m(x).
4
Let q(w) = -w**2. Suppose -2*g - 2 = 2. Let n(v) = -v**3 + 2*v**2 - 2*v + 4. Let k(j) = g*q(j) + n(j). Let x be (5/(-15))/((-2)/24). Give k(x).
-4
Let r(s) be the second derivative of s**5/5 + s**4/4 + 7*s**3/6 + s**2/2 - 38*s. Let d(c) = -c**3 + c**2 + 1. Let u(y) = -3*d(y) - r(y). What is u(-5)?
6
Let k = 18 + 6. Let b = 22 - k. Let a(x) = 5 + 3*x + 2 - 4. Give a(b).
-3
Let r(v) = -27*v + 1. Let q(d) = 5*d + 1. Let y(o) = -11*q(o) - 2*r(o). Determine y(-10).
-3
Let n(v) = 2*v + 12. Let a be (-35)/3 + (-2)/(-3). Determine n(a).
-10
Let g(x) = -3*x + 3. Suppose 0 = 2*q - 6 - 0. Let t be g(q). Let d(a) = -3*a + 13. Let h(s) = -5*s + 21. Let c(o) = -8*d(o) + 5*h(o). Calculate c(t).
7
Let v(f) = -f**2 - 4*f. Suppose 5 + 7 = -3*k - 3*t, 4*k = -5*t - 13. Determine v(k).
-21
Let f(j) = -j**2 - 3*j + 16. Let q(h) = h**2 + 5*h - 23. Let o(b) = -7*f(b) - 5*q(b). Give o(2).
3
Let y(s) = 3 - 3 + s**3 - 40*s**2 + 7*s + 21*s**2 + 10*s**2. Determine y(8).
-8
Let m(d) = d**3 + 2*d**2 - 2*d + 1. Suppose 5*y - 2*c - 27 = -4*c, -12 = -4*y - 4*c. Suppose -4*z - y = -3*z. Let l = -10 - z. What is m(l)?
-2
Let t(d) = -2*d - 2. Let q be t(-3). Suppose 0 = -8*j + 3*j + 15. Let r(p) = 3*p + 1 + 3*p - p**2 - j*p. Calculate r(q).
-3
Let m(q) be the first derivative of q**2/2 - 8*q + 22. Suppose 3*w - 7 = 11. Determine m(w).
-2
Let n(w) be the second derivative of -w**4/12 + w**3/2 - 5*w**2/2 - 37*w + 2. What is n(2)?
-3
Let l(m) be the third derivative of -m**4/24 - 2*m**3/3 - 6*m**2 + 25*m. Determine l(4).
-8
Let o(l) = -2*l - 1. Let g(t) = t**2 - 8*t + 1. Let s(c) = g(c) - o(c). Give s(6).
2
Let u = 696 - 681. Let a(h) = -h**2 + 17*h - 17. Calculate a(u).
13
Let p(z) be the second derivative of -z**5/120 + z**4/3 - 2*z**3 + 5*z. Let a(b) be the second derivative of p(b). Calculate a(9).
-1
Let s(r) = -r**3 + 9*r**2 + 10*r - 5. Let p(v) = 6*v**3 - 46*v**2 - 50*v + 26. Let b(u) = -2*p(u) - 11*s(u). What is b(-5)?
3
Let h = 72 + -72. Let m(c) = c + 1. Let x(a) = -5*a + 6. Suppose -4*g + g - 18 = 0. Let l(b) = g*m(b) - x(b). What is l(h)?
-12
Let a(x) be the third derivative of x**7/2520 + x**5/12 + 11*x**4/24 + 10*x**2. Let u(j) be the second derivative of a(j). Calculate u(0).
10
Let b(n) = -7*n**3 + 2*n**2 + 5*n + 3. Let h(l) = -15*l**3 + 4*l**2 + 10*l + 7. Let v = -30 + 17. Let c(g) = v*b(g) + 6*h(g). Calculate c(4).
15
Let z(w) = -w**3 + 4*w**2 + 7*w - 6. Let d be z(5). Suppose -6 = d*a + 6. Let l(t) = t**3 + 4*t**2 + 4*t + 2. Give l(a).
-1
Let z(y) = y**3 - 8*y**2 - 12*y + 11. Let r be (32/16)/(58/18 + -3). What is z(r)?
-16
Let b = 466 + -473. Let c(t) = -t - 8. Determine c(b).
-1
Let m(d) = -49*d - 293. Let j be m(-6). Let k(o) = 7*o - 1. What is k(j)?
6
Let j(h) = -2*h + 3 - 6 - 4*h + h**2. Let k be (-2 + 3)/(5 - 270/55). Let d(v) = 4*v - 38. Let q be d(k). Give j(q).
-3
Let j(q) be the second derivative of -q**3 + 43*q**2/2 + q + 105. What is j(7)?
1
Suppose 5*a = 5*i - 35, 4*i - 27 + 7 = 0. Let d be (-2)/(-3)*18/a. Let h(n) = -20 + 6*n + 52 + 1 - 3*n - 24. Calculate h(d).
-9
Suppose 7 = 2*w + 5*d, d - 3 = -w - w. Let m(r) be the second derivative of r**4/12 - r**3/6 + r**2/2 + 2*r - 63. Determine m(w).
1
Let h = -367/8 + 46. Let j(x) be the third derivative of 0*x + h*x**4 + 5/6*x**3 - 4*x**2 + 0 - 1/60*x**5. What is j(5)?
-5
Let q(t) = -2*t**2 - 2*t - 3. Let z(f) = -f**3 - 7*f**2 + f + 14. Let w be z(-7). Let p(i) = 3*i**2 - 23*i + 10. Let h be p(w). Give q(h).
-27
Let a(v) = 3*v**3 + v. Let s be a(-1). Let g(c) = -5*c**2 + 9*c. Let z(l) = 14*l**2 - 26*l - 1. Let q(o) = s*z(o) - 11*g(o). Give q(6).
-2
Let j(r) = 29*r - 4*r - 6*r - 9*r - 16 - 9*r. Give j(12).
-4
Let a(v) = v**2 - v. Let n(j) = 3*j - 9. Let w be n(6). Suppose -7 - w = 4*h. Let q(d) = 6*d**2 - 7*d + 1. Let x(t) = h*a(t) + q(t). Determine x(2).
3
Let i = 15 - 3. Let z be -9*(-4)/i - 3. Let d(t) be the first derivative of t**3/3 + 2*t - 1. Calculate d(z).
2
Suppose 2*t = 4*r - 16, 4*r = -2*t - 1 - 7. Let g(x) = -3*x - 11. What is g(t)?
7
Let b(s) = -4*s + 27. Suppose -69*r + 93*r - 144 = 0. Determine b(r).
3
Let n(l) = l**3 + 4*l**2 - 9*l - 1. Let s(j) = 2*j**3 + 9*j**2 - 20*j - 1. Let m(v) = 5*n(v) - 2*s(v). Calculate m(-3).
3
Let u(m) be the first derivative of -16*m**3/3 - m**2/2 - m - 121. What is u(-1)?
-16
Let b = -112 - -118. Let o(i) = i**2 - 9*i + 3. Calculate o(b).
-15
Let t be 1/1*(-5 + 0). Suppose 4*s - 3*i - 14 = 2*s, -5*i = -4*s + 26. Let m(p) = s - p + 0 + 2*p. What is m(t)?
-1
Let x(o) = 12*o + 4*o**2 + 12*o**3 + 725 - 714 + 15*o**2. Let h(y) = 17*y**3 + 28*y**2 + 18*y + 17. Let z(g) = -5*h(g) + 7*x(g). Give z(-6).
-8
Let v(c) = -3*c**2 + 9*c + 1. Let n(r) = 4*r**2 - 9*r - 1. Let d = -68 + 64. Let i(s) = d*n(s) - 5*v(s). Let z be -4*(1 + -1 - -1). What is i(z)?
19
Suppose 0 = 6*a - a. Suppose 0 = -5*k - a*k + 5. Let t be 1*(-3 + k + 1). Let q(u) = -u**3 + 2*u**2 + 2*u + 1. What is q(t)?
2
Let b(y) = y**3 + 2*y**2 + 4. Let j(v) = -v**3 - 3*v**2 - 3. Let w = 20 + -16. Let l(n) = w*j(n) + 3*b(n). Let r = 15 + -21. Determine l(r).
0
Let u(c) = -35 + 2*c - 6*c + 41 + 0*c. Give u(3).
-6
Suppose -5*q - 6 = -3*f + 84, 5*f = -4*q - 35. Let w(o) = o**2 + 14*o - 22. What is w(q)?
-7
Let g(y) be the third derivative of y**5/10 + y**4/24 - y**3 - y**2. Let s(v) = 3 - 9 + 7. Let f(h) = -g(h) - 6*s(h). Calculate f(-1).
-5
Let m(p) = -5*p**2 + 6*p + 3. Let r be (-60)/(-18) + 4/(-12). Suppose r*l = -3 + 15. Let u(y) = -11*y**2 + 12*y + 5. Let x(k) = l*u(k) - 9*m(k). Give x(5).
-12
Let a(u) = -u**2 + 23*u + 6 - 16*u - 8*u + 2 - 9*u. What is a(-11)?
-3
Let y(l) be the second derivative of l**4/12 + 7*l**3/6 - 2*l - 90. What is y(